{"id":1062,"date":"2024-06-18T00:32:11","date_gmt":"2024-06-18T03:32:11","guid":{"rendered":"http:\/\/egepe.org.br\/xiv-egepe\/?page_id=1062"},"modified":"2026-03-05T11:43:33","modified_gmt":"2026-03-05T14:43:33","slug":"local-do-evento","status":"publish","type":"page","link":"https:\/\/egepe.org.br\/xiv-egepe\/local-do-evento\/","title":{"rendered":"Local do Evento"},"content":{"rendered":"\t\t<div data-elementor-type=\"wp-page\" data-elementor-id=\"1062\" class=\"elementor elementor-1062\" data-elementor-post-type=\"page\">\n\t\t\t\t\t\t<section class=\"elementor-section elementor-top-section elementor-element elementor-element-25f75b6 elementor-section-boxed elementor-section-height-default elementor-section-height-default\" data-id=\"25f75b6\" data-element_type=\"section\">\n\t\t\t\t\t\t<div class=\"elementor-container elementor-column-gap-default\">\n\t\t\t\t\t<div class=\"elementor-column elementor-col-100 elementor-top-column elementor-element elementor-element-a5bc7da\" data-id=\"a5bc7da\" data-element_type=\"column\">\n\t\t\t<div class=\"elementor-widget-wrap elementor-element-populated\">\n\t\t\t\t\t\t<div class=\"elementor-element elementor-element-609cdfc elementor-widget elementor-widget-heading\" data-id=\"609cdfc\" data-element_type=\"widget\" data-widget_type=\"heading.default\">\n\t\t\t\t<div class=\"elementor-widget-container\">\n\t\t\t<h2 class=\"elementor-heading-title elementor-size-default\">LOCALIZA\u00c7\u00c3O XIV EGEPE<\/h2>\t\t<\/div>\n\t\t\t\t<\/div>\n\t\t\t\t<div class=\"elementor-element elementor-element-e6a84a3 elementor-widget elementor-widget-html\" data-id=\"e6a84a3\" data-element_type=\"widget\" data-widget_type=\"html.default\">\n\t\t\t\t<div class=\"elementor-widget-container\">\n\t\t\t<iframe src=\"https:\/\/www.google.com\/maps\/embed?pb=!1m18!1m12!1m3!1d3675.4319289140467!2d-43.124915699999995!3d-22.897434199999996!2m3!1f0!2f0!3f0!3m2!1i1024!2i768!4f13.1!3m3!1m2!1s0x9983da8f8ec235%3A0x410efa02ccd4ae8!2sUniversidade%20Federal%20Fluminense%20-%20Campus%20Valonguinho!5e0!3m2!1spt-BR!2sbr!4v1762521745055!5m2!1spt-BR!2sbr\" width=\"600\" height=\"450\" style=\"border:0;\" allowfullscreen=\"\" loading=\"lazy\" referrerpolicy=\"no-referrer-when-downgrade\"><\/iframe>\t\t<\/div>\n\t\t\t\t<\/div>\n\t\t\t\t\t<\/div>\n\t\t<\/div>\n\t\t\t\t\t<\/div>\n\t\t<\/section>\n\t\t\t\t<section class=\"elementor-section elementor-top-section elementor-element elementor-element-0fbf7eb elementor-section-boxed elementor-section-height-default elementor-section-height-default\" data-id=\"0fbf7eb\" data-element_type=\"section\">\n\t\t\t\t\t\t<div class=\"elementor-container elementor-column-gap-default\">\n\t\t\t\t\t<div class=\"elementor-column elementor-col-50 elementor-top-column elementor-element elementor-element-d396db3\" data-id=\"d396db3\" data-element_type=\"column\">\n\t\t\t<div class=\"elementor-widget-wrap elementor-element-populated\">\n\t\t\t\t\t\t<div class=\"elementor-element elementor-element-29b5517 elementor-widget elementor-widget-video\" data-id=\"29b5517\" data-element_type=\"widget\" data-settings=\"{&quot;youtube_url&quot;:&quot;https:\\\/\\\/youtu.be\\\/e1D6gT1UBmI?si=wp_UKa3yd4XtvzST&quot;,&quot;video_type&quot;:&quot;youtube&quot;,&quot;controls&quot;:&quot;yes&quot;}\" data-widget_type=\"video.default\">\n\t\t\t\t<div class=\"elementor-widget-container\">\n\t\t\t\t\t<div class=\"elementor-wrapper elementor-open-inline\">\n\t\t\t<div class=\"elementor-video\"><\/div>\t\t<\/div>\n\t\t\t\t<\/div>\n\t\t\t\t<\/div>\n\t\t\t\t\t<\/div>\n\t\t<\/div>\n\t\t\t\t<div class=\"elementor-column elementor-col-50 elementor-top-column elementor-element elementor-element-6645ed6\" data-id=\"6645ed6\" data-element_type=\"column\">\n\t\t\t<div class=\"elementor-widget-wrap elementor-element-populated\">\n\t\t\t\t\t\t<div class=\"elementor-element elementor-element-abc0a25 elementor-widget elementor-widget-image\" data-id=\"abc0a25\" data-element_type=\"widget\" data-widget_type=\"image.default\">\n\t\t\t\t<div class=\"elementor-widget-container\">\n\t\t\t\t\t\t\t\t\t\t\t\t\t\t<a href=\"https:\/\/youtu.be\/61gacg6OgKI?si=Yx-CXAO231p9Hnlj\" target=\"_blank\">\n\t\t\t\t\t\t\t<img fetchpriority=\"high\" decoding=\"async\" width=\"497\" height=\"274\" src=\"https:\/\/egepe.org.br\/xiv-egepe\/wp-content\/uploads\/2025\/11\/thumb-video-1.png\" class=\"attachment-full size-full wp-image-1557\" alt=\"\" srcset=\"https:\/\/egepe.org.br\/xiv-egepe\/wp-content\/uploads\/2025\/11\/thumb-video-1.png 497w, https:\/\/egepe.org.br\/xiv-egepe\/wp-content\/uploads\/2025\/11\/thumb-video-1-300x165.png 300w\" sizes=\"(max-width: 497px) 100vw, 497px\" \/>\t\t\t\t\t\t\t\t<\/a>\n\t\t\t\t\t\t\t\t\t\t\t\t\t<\/div>\n\t\t\t\t<\/div>\n\t\t\t\t\t<\/div>\n\t\t<\/div>\n\t\t\t\t\t<\/div>\n\t\t<\/section>\n\t\t\t\t<section class=\"elementor-section elementor-top-section elementor-element elementor-element-34620c7 elementor-section-boxed elementor-section-height-default elementor-section-height-default\" data-id=\"34620c7\" data-element_type=\"section\">\n\t\t\t\t\t\t<div class=\"elementor-container elementor-column-gap-default\">\n\t\t\t\t\t<div class=\"elementor-column elementor-col-100 elementor-top-column elementor-element elementor-element-34b9362\" data-id=\"34b9362\" data-element_type=\"column\">\n\t\t\t<div class=\"elementor-widget-wrap elementor-element-populated\">\n\t\t\t\t\t\t<div class=\"elementor-element elementor-element-798ada4 elementor-widget elementor-widget-heading\" data-id=\"798ada4\" data-element_type=\"widget\" data-widget_type=\"heading.default\">\n\t\t\t\t<div class=\"elementor-widget-container\">\n\t\t\t<h2 class=\"elementor-heading-title elementor-size-default\">HOT\u00c9IS INDICADOS PELA ORGANIZA\u00c7\u00c3O\nDO XIV EGEPE<\/h2>\t\t<\/div>\n\t\t\t\t<\/div>\n\t\t\t\t<div class=\"elementor-element elementor-element-e8a3e03 elementor-widget elementor-widget-text-editor\" data-id=\"e8a3e03\" data-element_type=\"widget\" data-widget_type=\"text-editor.default\">\n\t\t\t\t<div class=\"elementor-widget-container\">\n\t\t\t\t\t\t\t<p><strong>A cidade de Niter\u00f3i possui boa infraestrutura hoteleira, com diferentes categorias, al\u00e9m de ofertas de airb&amp;b. A organiza\u00e7\u00e3o do XIV EGEPE selecionou tr\u00eas deles pela qualidade e proximidade com o local do evento &#8211; Campus do Valonguinho &#8211; UFF.<\/strong><\/p>\t\t\t\t\t\t<\/div>\n\t\t\t\t<\/div>\n\t\t\t\t<div class=\"elementor-element elementor-element-0d0802c elementor-widget elementor-widget-heading\" data-id=\"0d0802c\" data-element_type=\"widget\" data-widget_type=\"heading.default\">\n\t\t\t\t<div class=\"elementor-widget-container\">\n\t\t\t<h2 class=\"elementor-heading-title elementor-size-default\">HOTEL ORIZZONTE NITER\u00d3I<\/h2>\t\t<\/div>\n\t\t\t\t<\/div>\n\t\t\t\t<div class=\"elementor-element elementor-element-02dc0d9 elementor-widget elementor-widget-text-editor\" data-id=\"02dc0d9\" data-element_type=\"widget\" data-widget_type=\"text-editor.default\">\n\t\t\t\t<div class=\"elementor-widget-container\">\n\t\t\t\t\t\t\t<p><strong><a href=\"https:\/\/www.letsatlantica.com.br\/hotel\/hotel-orizzonte-niteroi-by-atlantica\">https:\/\/www.letsatlantica.com.br\/hotel\/hotel-orizzonte-niteroi-by-atlantica<\/a><\/strong><br \/><span style=\"font-style: inherit; font-weight: inherit;\">R. Eng. Roberto Velasco Cardoso, 321 &#8211; Gragoat\u00e1, Niter\u00f3i &#8211; RJ, 24210-375<br \/><\/span><span style=\"font-style: inherit; font-weight: inherit;\"><strong>USE O C\u00d3DIGO PROMOCIONAL: EGEPE<\/strong> (desconto de at\u00e9 20%).<br \/><\/span><span style=\"font-style: inherit; font-weight: inherit;\"><strong>OBSERVA\u00c7\u00d5ES:<\/strong> A pouca dist\u00e2ncia do Campus do Valonguinho, sendo poss\u00edvel ir andando. Mas, o hotel fica em uma rua elevada. Utilizar Uber talvez seja uma melhor op\u00e7\u00e3o &#8211; 05 minutos de carro at\u00e9 o Campus do Valonguinho \u2013 UFF..<\/span><\/p>\t\t\t\t\t\t<\/div>\n\t\t\t\t<\/div>\n\t\t\t\t<div class=\"elementor-element elementor-element-d4385d4 elementor-widget elementor-widget-heading\" data-id=\"d4385d4\" data-element_type=\"widget\" data-widget_type=\"heading.default\">\n\t\t\t\t<div class=\"elementor-widget-container\">\n\t\t\t<h2 class=\"elementor-heading-title elementor-size-default\">NITER\u00d3I PALACE HOTEL<\/h2>\t\t<\/div>\n\t\t\t\t<\/div>\n\t\t\t\t<div class=\"elementor-element elementor-element-2e9eb88 elementor-widget elementor-widget-text-editor\" data-id=\"2e9eb88\" data-element_type=\"widget\" data-widget_type=\"text-editor.default\">\n\t\t\t\t<div class=\"elementor-widget-container\">\n\t\t\t\t\t\t\t<p><strong><a href=\"https:\/\/www.niteroipalacehotel.com.br\/\">https:\/\/www.niteroipalacehotel.com.br\/<\/a><\/strong><br \/>Rua General Andrade Neves, 134 &#8211; Niter\u00f3i, RJ 24210-001<br \/><strong>OBSERVA\u00c7\u00d5ES:<\/strong> A aproximadamente 250 metros do Campus do Valonguinho\/UFF. N\u00e3o criaram c\u00f3digo promocional para o EGEPE, mas <strong>OFERECEM DESCONTOS PARA PAGAMENTO VIA PIX\/DINHEIRO.<\/strong><\/p>\t\t\t\t\t\t<\/div>\n\t\t\t\t<\/div>\n\t\t\t\t<div class=\"elementor-element elementor-element-d937268 elementor-widget elementor-widget-heading\" data-id=\"d937268\" data-element_type=\"widget\" data-widget_type=\"heading.default\">\n\t\t\t\t<div class=\"elementor-widget-container\">\n\t\t\t<h2 class=\"elementor-heading-title elementor-size-default\">H NITER\u00d3I HOTEL<\/h2>\t\t<\/div>\n\t\t\t\t<\/div>\n\t\t\t\t<div class=\"elementor-element elementor-element-7af6e5e elementor-widget elementor-widget-text-editor\" data-id=\"7af6e5e\" data-element_type=\"widget\" data-widget_type=\"text-editor.default\">\n\t\t\t\t<div class=\"elementor-widget-container\">\n\t\t\t\t\t\t\t<p><strong><a href=\"https:\/\/hniteroi.com.br\/\">https:\/\/hniteroi.com.br\/<\/a><\/strong><br \/>R. Dr. Paulo Alves, 14 &#8211; Ing\u00e1, Niter\u00f3i &#8211; RJ, 24210-445<br \/>OBSERVA\u00c7\u00d5ES: Situado cerca de 1 km do Campus do Valonguinho.<br \/>ENTRE EM CONTATO COM O HOTEL E <strong>INFORME QUE SE TRATA DO EVENTO UFF \u2013 EGEPE<\/strong>, para identificarem a natureza do h\u00f3spede e aplicar as condi\u00e7\u00f5es espec\u00edficas negociadas, segundo as categorias de apartamento.<br \/><strong>AS SOLICITA\u00c7\u00d5ES DE RESERVA DEVER\u00c3O SER FEITAS DIRETAMENTE COM O DEPARTAMENTO DE RESERVAS PELOS CANAIS:<\/strong><br \/>E-mail: reservas@hniteroi.com.br<br \/>Telefone: (21) 3174-5055 \u2013 Ramal 1<\/p><p><strong>Tarifas:<\/strong><\/p>\t\t\t\t\t\t<\/div>\n\t\t\t\t<\/div>\n\t\t\t\t<div class=\"elementor-element elementor-element-17445e4 elementor-widget__width-initial elementor-widget elementor-widget-image\" data-id=\"17445e4\" data-element_type=\"widget\" data-widget_type=\"image.default\">\n\t\t\t\t<div class=\"elementor-widget-container\">\n\t\t\t\t\t\t\t\t\t\t\t\t\t<img decoding=\"async\" width=\"1377\" height=\"293\" src=\"https:\/\/egepe.org.br\/xiv-egepe\/wp-content\/uploads\/2026\/03\/tabela.png\" class=\"attachment-full size-full wp-image-1801\" alt=\"\" srcset=\"https:\/\/egepe.org.br\/xiv-egepe\/wp-content\/uploads\/2026\/03\/tabela.png 1377w, https:\/\/egepe.org.br\/xiv-egepe\/wp-content\/uploads\/2026\/03\/tabela-300x64.png 300w, https:\/\/egepe.org.br\/xiv-egepe\/wp-content\/uploads\/2026\/03\/tabela-1024x218.png 1024w, https:\/\/egepe.org.br\/xiv-egepe\/wp-content\/uploads\/2026\/03\/tabela-768x163.png 768w\" sizes=\"(max-width: 1377px) 100vw, 1377px\" \/>\t\t\t\t\t\t\t\t\t\t\t\t\t<\/div>\n\t\t\t\t<\/div>\n\t\t\t\t\t<\/div>\n\t\t<\/div>\n\t\t\t\t\t<\/div>\n\t\t<\/section>\n\t\t\t\t<\/div>\n\t\t","protected":false},"excerpt":{"rendered":"<p>LOCALIZA\u00c7\u00c3O XIV EGEPE HOT\u00c9IS INDICADOS PELA ORGANIZA\u00c7\u00c3O DO XIV EGEPE A cidade de Niter\u00f3i possui boa infraestrutura hoteleira, com diferentes categorias, al\u00e9m de ofertas de airb&amp;b. A organiza\u00e7\u00e3o do XIV EGEPE selecionou tr\u00eas deles pela qualidade e proximidade com o local do evento &#8211; Campus do Valonguinho &#8211; UFF. HOTEL ORIZZONTE NITER\u00d3I https:\/\/www.letsatlantica.com.br\/hotel\/hotel-orizzonte-niteroi-by-atlanticaR. Eng. Roberto [&hellip;]<\/p>\n","protected":false},"author":1,"featured_media":0,"parent":0,"menu_order":0,"comment_status":"closed","ping_status":"closed","template":"","meta":{"site-sidebar-layout":"no-sidebar","site-content-layout":"page-builder","ast-site-content-layout":"default","site-content-style":"default","site-sidebar-style":"default","ast-global-header-display":"","ast-banner-title-visibility":"","ast-main-header-display":"","ast-hfb-above-header-display":"","ast-hfb-below-header-display":"","ast-hfb-mobile-header-display":"","site-post-title":"disabled","ast-breadcrumbs-content":"","ast-featured-img":"disabled","footer-sml-layout":"","ast-disable-related-posts":"","theme-transparent-header-meta":"","adv-header-id-meta":"","stick-header-meta":"","header-above-stick-meta":"","header-main-stick-meta":"","header-below-stick-meta":"","astra-migrate-meta-layouts":"default","ast-page-background-enabled":"default","ast-page-background-meta":{"desktop":{"background-color":"var(--ast-global-color-4)","background-image":"","background-repeat":"repeat","background-position":"center center","background-size":"auto","background-attachment":"scroll","background-type":"","background-media":"","overlay-type":"","overlay-color":"","overlay-opacity":"","overlay-gradient":""},"tablet":{"background-color":"","background-image":"","background-repeat":"repeat","background-position":"center center","background-size":"auto","background-attachment":"scroll","background-type":"","background-media":"","overlay-type":"","overlay-color":"","overlay-opacity":"","overlay-gradient":""},"mobile":{"background-color":"","background-image":"","background-repeat":"repeat","background-position":"center center","background-size":"auto","background-attachment":"scroll","background-type":"","background-media":"","overlay-type":"","overlay-color":"","overlay-opacity":"","overlay-gradient":""}},"ast-content-background-meta":{"desktop":{"background-color":"var(--ast-global-color-5)","background-image":"","background-repeat":"repeat","background-position":"center center","background-size":"auto","background-attachment":"scroll","background-type":"","background-media":"","overlay-type":"","overlay-color":"","overlay-opacity":"","overlay-gradient":""},"tablet":{"background-color":"var(--ast-global-color-5)","background-image":"","background-repeat":"repeat","background-position":"center center","background-size":"auto","background-attachment":"scroll","background-type":"","background-media":"","overlay-type":"","overlay-color":"","overlay-opacity":"","overlay-gradient":""},"mobile":{"background-color":"var(--ast-global-color-5)","background-image":"","background-repeat":"repeat","background-position":"center center","background-size":"auto","background-attachment":"scroll","background-type":"","background-media":"","overlay-type":"","overlay-color":"","overlay-opacity":"","overlay-gradient":""}},"footnotes":""},"class_list":["post-1062","page","type-page","status-publish","hentry"],"_links":{"self":[{"href":"https:\/\/egepe.org.br\/xiv-egepe\/wp-json\/wp\/v2\/pages\/1062","targetHints":{"allow":["GET"]}}],"collection":[{"href":"https:\/\/egepe.org.br\/xiv-egepe\/wp-json\/wp\/v2\/pages"}],"about":[{"href":"https:\/\/egepe.org.br\/xiv-egepe\/wp-json\/wp\/v2\/types\/page"}],"author":[{"embeddable":true,"href":"https:\/\/egepe.org.br\/xiv-egepe\/wp-json\/wp\/v2\/users\/1"}],"replies":[{"embeddable":true,"href":"https:\/\/egepe.org.br\/xiv-egepe\/wp-json\/wp\/v2\/comments?post=1062"}],"version-history":[{"count":43,"href":"https:\/\/egepe.org.br\/xiv-egepe\/wp-json\/wp\/v2\/pages\/1062\/revisions"}],"predecessor-version":[{"id":1804,"href":"https:\/\/egepe.org.br\/xiv-egepe\/wp-json\/wp\/v2\/pages\/1062\/revisions\/1804"}],"wp:attachment":[{"href":"https:\/\/egepe.org.br\/xiv-egepe\/wp-json\/wp\/v2\/media?parent=1062"}],"curies":[{"name":"wp","href":"https:\/\/api.w.org\/{rel}","templated":true}]}}