{"id":191,"date":"2021-11-09T20:25:17","date_gmt":"2021-11-09T23:25:17","guid":{"rendered":"http:\/\/egepe.org.br\/xiv-egepe\/?page_id=191"},"modified":"2026-04-09T10:21:51","modified_gmt":"2026-04-09T13:21:51","slug":"temas-e-lideres","status":"publish","type":"page","link":"https:\/\/egepe.org.br\/xiv-egepe\/temas-e-lideres\/","title":{"rendered":"Temas e L\u00edderes"},"content":{"rendered":"\t\t<div data-elementor-type=\"wp-page\" data-elementor-id=\"191\" class=\"elementor elementor-191\" data-elementor-post-type=\"page\">\n\t\t\t\t\t\t<section class=\"elementor-section elementor-top-section elementor-element elementor-element-b483972 elementor-section-height-min-height elementor-section-boxed elementor-section-height-default elementor-section-items-middle\" data-id=\"b483972\" data-element_type=\"section\" data-settings=\"{&quot;background_background&quot;:&quot;classic&quot;}\">\n\t\t\t\t\t\t<div class=\"elementor-container elementor-column-gap-default\">\n\t\t\t\t\t<div class=\"elementor-column elementor-col-100 elementor-top-column elementor-element elementor-element-a4d8d86\" data-id=\"a4d8d86\" data-element_type=\"column\">\n\t\t\t<div class=\"elementor-widget-wrap elementor-element-populated\">\n\t\t\t\t\t\t<div class=\"elementor-element elementor-element-4e231429 elementor-widget elementor-widget-heading\" data-id=\"4e231429\" data-element_type=\"widget\" data-widget_type=\"heading.default\">\n\t\t\t\t<div class=\"elementor-widget-container\">\n\t\t\t<h2 class=\"elementor-heading-title elementor-size-default\">TEMAS E L\u00cdDERES<\/h2>\t\t<\/div>\n\t\t\t\t<\/div>\n\t\t\t\t\t<\/div>\n\t\t<\/div>\n\t\t\t\t\t<\/div>\n\t\t<\/section>\n\t\t\t\t<section class=\"elementor-section elementor-top-section elementor-element elementor-element-1530a57b elementor-section-boxed elementor-section-height-default elementor-section-height-default\" data-id=\"1530a57b\" data-element_type=\"section\">\n\t\t\t\t\t\t<div class=\"elementor-container elementor-column-gap-default\">\n\t\t\t\t\t<div class=\"elementor-column elementor-col-100 elementor-top-column elementor-element elementor-element-54d90567\" data-id=\"54d90567\" data-element_type=\"column\">\n\t\t\t<div class=\"elementor-widget-wrap elementor-element-populated\">\n\t\t\t\t\t\t<div class=\"elementor-element elementor-element-60895444 elementor-widget elementor-widget-heading\" data-id=\"60895444\" data-element_type=\"widget\" data-widget_type=\"heading.default\">\n\t\t\t\t<div class=\"elementor-widget-container\">\n\t\t\t<h2 class=\"elementor-heading-title elementor-size-default\">TEMA GERAL DO XIV EGEPE: \nBENEF\u00cdCIOS DAS PESQUISAS PARA A SOCIEDADE: EMPRENDEDORISMO E GEST\u00c3O DE PEQUENAS EMPRESAS\n\n<\/h2>\t\t<\/div>\n\t\t\t\t<\/div>\n\t\t\t\t<div class=\"elementor-element elementor-element-cd8eafa elementor-widget elementor-widget-text-editor\" data-id=\"cd8eafa\" data-element_type=\"widget\" data-widget_type=\"text-editor.default\">\n\t\t\t\t<div class=\"elementor-widget-container\">\n\t\t\t\t\t\t\t<p><strong>Linhas Tem\u00e1ticas para submiss\u00e3o de trabalhos<\/strong><\/p>\t\t\t\t\t\t<\/div>\n\t\t\t\t<\/div>\n\t\t\t\t<div class=\"elementor-element elementor-element-0334ad8 elementor-widget elementor-widget-text-editor\" data-id=\"0334ad8\" data-element_type=\"widget\" data-widget_type=\"text-editor.default\">\n\t\t\t\t<div class=\"elementor-widget-container\">\n\t\t\t\t\t\t\t<table>\n<tbody>\n<tr>\n<td colspan=\"3\" align=\"center\"><b>Temas EGEPE 2026<\/b><\/td>\n<\/tr>\n<tr>\n<td width=\"50\"><b>Tema<\/b><\/td>\n<td width=\"500\"><b>T\u00edtulo<\/b><\/td>\n<td><b>L\u00edderes 2026<\/b><\/td>\n<\/tr>\n<tr>\n<td align=\"center\"><b>1<\/b><\/td>\n<td><b>Ecossistemas Empreendedores<\/b><\/td>\n<td>\n<p><span style=\"font-weight: 400;\">Liliane de Oliveira Guimar\u00e3es (PUC-MG)<\/span><\/p>\n<p><span style=\"font-weight: 400;\">Jo\u00e3o Paulo Moreira Silva (<\/span>UNIHORIZONTES<span style=\"font-style: inherit;\">)<\/span><\/p>\n<p><span style=\"font-weight: 400;\">Guilherme Oliveira Santos (FAPERJ, PUC Rio)<\/span><\/p>\n<p><span style=\"font-weight: 400;\">Eduardo Avancci Jr (UNICAMP)<\/span><\/p>\n<\/td>\n<\/tr>\n<tr>\n<td align=\"center\"><b>2<\/b><\/td>\n<td><b>Estrat\u00e9gia e Inova\u00e7\u00e3o<\/b><\/td>\n<td>\n<p><span style=\"font-weight: 400;\">Priscila Rezende da Costa (ESPM)<\/span><\/p>\n<p><span style=\"font-weight: 400;\">Thiago Jos\u00e9 Cysneiros Cavalcanti Soares (INSPER)<\/span><\/p>\n<p><span style=\"font-weight: 400;\">Nadya Regina Galo (UFF)<\/span><\/p>\n<\/td>\n<\/tr>\n<tr>\n<td align=\"center\"><b>3<\/b><\/td>\n<td><b>Digitaliza\u00e7\u00e3o e Novas Tecnologias<\/b><\/td>\n<td>\n<p><span style=\"font-weight: 400;\">Priscila Rezende da Costa (ESPM)<\/span><\/p>\n<p><span style=\"font-weight: 400;\">Elnivam Souza (UECE)<\/span><\/p>\n<p><span style=\"font-weight: 400;\">Cristina Dai Pr\u00e1 Martens (UNINOVE)<\/span><\/p>\n<\/td>\n<\/tr>\n<tr>\n<td align=\"center\"><b>4<\/b><\/td>\n<td><b>Teoriza\u00e7\u00e3o em empreendedorismo e gest\u00e3o de pequenas empresas<\/b><\/td>\n<td>\n<p><span style=\"font-weight: 400;\">Renata Guimar\u00e3es Quelha de S\u00e1 (UFF)<\/span><\/p>\n<p><span style=\"font-weight: 400;\">Simony Marins (UFRJ)<\/span><\/p>\n<p><span style=\"font-weight: 400;\">Andr\u00e9 Damasceno<\/span><span style=\"font-weight: 400;\"> (IF Sudeste MG)<\/span><\/p>\n<\/td>\n<\/tr>\n<tr>\n<td align=\"center\"><b>5<\/b><\/td>\n<td><b>Pol\u00edticas P\u00fablicas<\/b><\/td>\n<td>\n<p><span style=\"font-weight: 400;\">D\u00e9bora Regina Schneider Locatelli (UFFS)<\/span><\/p>\n<p><span style=\"font-weight: 400;\">Maria de F\u00e1tima N\u00f3brega Barbosa (UFCG)<\/span><\/p>\n<p><span style=\"font-weight: 400;\">Fernando Gimenez (UFPR)<\/span><\/p>\n<\/td>\n<\/tr>\n<tr>\n<td align=\"center\"><b>6<\/b><\/td>\n<td><b>Internacionaliza\u00e7\u00e3o e empreendedorismo de imigrantes<\/b><\/td>\n<td>\n<p><span style=\"font-weight: 400;\">Silvio de Vasconcellos (ESPM-SP)<\/span><\/p>\n<p><span style=\"font-weight: 400;\">Roberto Pessoa de Queiroz Falc\u00e3o (UNIGRANRIO)<\/span><\/p>\n<p><span style=\"font-weight: 400;\">Eduardo Pican\u00e7o Cruz (UFF)<\/span><\/p>\n<p><span style=\"font-weight: 400;\">Michel Mott Machado (<\/span><span style=\"font-weight: 400;\">CEETEPS<\/span><span style=\"font-weight: 400;\">)<\/span><\/p>\n<\/td>\n<\/tr>\n<tr>\n<td align=\"center\"><b>7<\/b><\/td>\n<td><b>\u00c9tica, Sustentabilidade, Diversidade e Inclus\u00e3o<\/b><\/td>\n<td>\n<p><span style=\"font-weight: 400;\">V\u00e2nia Maria Jorge Nassif (UNINOVE)<\/span><\/p>\n<p><span style=\"font-weight: 400;\">Eloisa Elena Shinohara (FATEC &#8211; Guarulhos)<\/span><\/p>\n<p><span style=\"font-weight: 400;\">Josiane Silva de Oliveira (UEM\/UFG)<\/span><\/p>\n<p><span style=\"font-weight: 400;\">Rodrigo Luiz Morais da Silva (UFPR)<\/span><\/p>\n<p><span style=\"font-weight: 400;\">Ana Paula Medeiros Bauer (UFF\/ FAETERJ)<\/span><\/p>\n<\/td>\n<\/tr>\n<tr>\n<td align=\"center\"><b>8<\/b><\/td>\n<td><b>Comportamento e Processo Empreendedor<\/b><\/td>\n<td>\n<p><span style=\"font-weight: 400;\">Gustavo Behling (UNIVALI)<\/span><\/p>\n<p><span style=\"font-weight: 400;\">Roberto Marinho Figueiroa Zica (SEBRAE-MG)<\/span><\/p>\n<p><span style=\"font-weight: 400;\">Xenia L&#8217;amour Campos Oliveira (UFBA)<\/span><\/p>\n<\/td>\n<\/tr>\n<tr>\n<td align=\"center\"><b>9<\/b><\/td>\n<td><b>Educa\u00e7\u00e3o para o Empreendedorismo e Aprendizagem<\/b><\/td>\n<td>\n<p><span style=\"font-weight: 400;\">Naira Maria Lobraico Libermann (PUC-RS)<\/span><\/p>\n<p><span style=\"font-weight: 400;\">Lucas Bonacina Roldan (PUC-RS)<\/span><\/p>\n<p><span style=\"font-weight: 400;\">Bruno Anicet Bittencourt (UNISINOS)<\/span><\/p>\n<p><span style=\"font-weight: 400;\">Giancarlo Gomes (FURB)<\/span><\/p>\n<p>Joysi Moraes (UFF)<\/p>\n<\/td>\n<\/tr>\n<tr>\n<td align=\"center\"><b>10<\/b><\/td>\n<td><b>Casos de Ensino<\/b><\/td>\n<td>\n<p><span style=\"font-weight: 400;\">Priscila Cembranel (UNISOCIESC, UFPR)<\/span><\/p>\n<p><span style=\"font-weight: 400;\">Gisele Mazon (UNISUL)<\/span><\/p>\n<p><span style=\"font-weight: 400;\">Sabrina Nascimento (POLLEN &#8211; Parque Cient\u00edfico e Tecnol\u00f3gico, Chapec\u00f3)<\/span><\/p>\n<\/td>\n<\/tr>\n<tr>\n<td align=\"center\"><b>11<\/b><\/td>\n<td><b>Neg\u00f3cios familiares e Sucess\u00e3o<\/b><\/td>\n<td>\n<p><span style=\"font-weight: 400;\">Denize Grzybovski (UPF)<\/span><\/p>\n<p><span style=\"font-weight: 400;\">Marcia Freire de Oliveira (UFU)<\/span><\/p>\n<p><span style=\"font-weight: 400;\">Renata Bernardon (UFU)<\/span><\/p>\n<p><span style=\"font-weight: 400;\">Edmilson de Oliveira Lima (UNINOVE)<\/span><\/p>\n<\/td>\n<\/tr>\n<tr>\n<td align=\"center\"><b>12<\/b><\/td>\n<td><b>Trabalho por conta pr\u00f3pria e inclus\u00e3o <\/b><\/td>\n<td>\n<p><span style=\"font-weight: 400;\">C\u00e2ndido Vieira Borges Junior (UFG)<\/span><\/p>\n<p><span style=\"font-weight: 400;\">Renata Peregrino de Brito (PUC Rio)<\/span><\/p>\n<p><span style=\"font-weight: 400;\">J\u00e9ssica Borges de Carvalho (UFG)<\/span><\/p>\n<p><span style=\"font-weight: 400;\">Daniel do Prado Pagotto (UFG)<\/span><\/p>\n<\/td>\n<\/tr>\n<tr>\n<td align=\"center\"><b>13<\/b><\/td>\n<td><b>Temas emergentes e outros n\u00e3o contemplados nas demais linhas tem\u00e1ticas<\/b><\/td>\n<td>\n<p><span style=\"font-weight: 400;\">Antonia M\u00e1rcia Rodrigues Sousa (UFC)<\/span><\/p>\n<p><span style=\"font-weight: 400;\">Francisco Bruno Monte Gomes (UFC)<\/span><\/p>\n<p><span style=\"font-weight: 400;\">Jairo de Carvalho Guimar\u00e3es (UFPI)<\/span><\/p>\n<p><span style=\"font-weight: 400;\">Alcineide Aguiar Pimenta (UNINTA)<\/span><\/p><p>S\u00e9rgio Ricardo Siani (UNIFESSPA)<\/p>\n<\/td>\n<\/tr>\n<\/tbody>\n<\/table>\t\t\t\t\t\t<\/div>\n\t\t\t\t<\/div>\n\t\t\t\t\t<\/div>\n\t\t<\/div>\n\t\t\t\t\t<\/div>\n\t\t<\/section>\n\t\t\t\t<\/div>\n\t\t","protected":false},"excerpt":{"rendered":"<p>TEMAS E L\u00cdDERES TEMA GERAL DO XIV EGEPE: BENEF\u00cdCIOS DAS PESQUISAS PARA A SOCIEDADE: EMPRENDEDORISMO E GEST\u00c3O DE PEQUENAS EMPRESAS Linhas Tem\u00e1ticas para submiss\u00e3o de trabalhos Temas EGEPE 2026 Tema T\u00edtulo L\u00edderes 2026 1 Ecossistemas Empreendedores Liliane de Oliveira Guimar\u00e3es (PUC-MG) Jo\u00e3o Paulo Moreira Silva (UNIHORIZONTES) Guilherme Oliveira Santos (FAPERJ, PUC Rio) Eduardo Avancci Jr [&hellip;]<\/p>\n","protected":false},"author":1,"featured_media":0,"parent":0,"menu_order":0,"comment_status":"closed","ping_status":"closed","template":"","meta":{"site-sidebar-layout":"no-sidebar","site-content-layout":"page-builder","ast-site-content-layout":"default","site-content-style":"default","site-sidebar-style":"default","ast-global-header-display":"","ast-banner-title-visibility":"","ast-main-header-display":"","ast-hfb-above-header-display":"","ast-hfb-below-header-display":"","ast-hfb-mobile-header-display":"","site-post-title":"disabled","ast-breadcrumbs-content":"","ast-featured-img":"disabled","footer-sml-layout":"","ast-disable-related-posts":"","theme-transparent-header-meta":"default","adv-header-id-meta":"","stick-header-meta":"","header-above-stick-meta":"","header-main-stick-meta":"","header-below-stick-meta":"","astra-migrate-meta-layouts":"default","ast-page-background-enabled":"default","ast-page-background-meta":{"desktop":{"background-color":"var(--ast-global-color-4)","background-image":"","background-repeat":"repeat","background-position":"center center","background-size":"auto","background-attachment":"scroll","background-type":"","background-media":"","overlay-type":"","overlay-color":"","overlay-opacity":"","overlay-gradient":""},"tablet":{"background-color":"","background-image":"","background-repeat":"repeat","background-position":"center center","background-size":"auto","background-attachment":"scroll","background-type":"","background-media":"","overlay-type":"","overlay-color":"","overlay-opacity":"","overlay-gradient":""},"mobile":{"background-color":"","background-image":"","background-repeat":"repeat","background-position":"center center","background-size":"auto","background-attachment":"scroll","background-type":"","background-media":"","overlay-type":"","overlay-color":"","overlay-opacity":"","overlay-gradient":""}},"ast-content-background-meta":{"desktop":{"background-color":"var(--ast-global-color-5)","background-image":"","background-repeat":"repeat","background-position":"center center","background-size":"auto","background-attachment":"scroll","background-type":"","background-media":"","overlay-type":"","overlay-color":"","overlay-opacity":"","overlay-gradient":""},"tablet":{"background-color":"var(--ast-global-color-5)","background-image":"","background-repeat":"repeat","background-position":"center center","background-size":"auto","background-attachment":"scroll","background-type":"","background-media":"","overlay-type":"","overlay-color":"","overlay-opacity":"","overlay-gradient":""},"mobile":{"background-color":"var(--ast-global-color-5)","background-image":"","background-repeat":"repeat","background-position":"center center","background-size":"auto","background-attachment":"scroll","background-type":"","background-media":"","overlay-type":"","overlay-color":"","overlay-opacity":"","overlay-gradient":""}},"footnotes":""},"class_list":["post-191","page","type-page","status-publish","hentry"],"_links":{"self":[{"href":"https:\/\/egepe.org.br\/xiv-egepe\/wp-json\/wp\/v2\/pages\/191","targetHints":{"allow":["GET"]}}],"collection":[{"href":"https:\/\/egepe.org.br\/xiv-egepe\/wp-json\/wp\/v2\/pages"}],"about":[{"href":"https:\/\/egepe.org.br\/xiv-egepe\/wp-json\/wp\/v2\/types\/page"}],"author":[{"embeddable":true,"href":"https:\/\/egepe.org.br\/xiv-egepe\/wp-json\/wp\/v2\/users\/1"}],"replies":[{"embeddable":true,"href":"https:\/\/egepe.org.br\/xiv-egepe\/wp-json\/wp\/v2\/comments?post=191"}],"version-history":[{"count":133,"href":"https:\/\/egepe.org.br\/xiv-egepe\/wp-json\/wp\/v2\/pages\/191\/revisions"}],"predecessor-version":[{"id":2045,"href":"https:\/\/egepe.org.br\/xiv-egepe\/wp-json\/wp\/v2\/pages\/191\/revisions\/2045"}],"wp:attachment":[{"href":"https:\/\/egepe.org.br\/xiv-egepe\/wp-json\/wp\/v2\/media?parent=191"}],"curies":[{"name":"wp","href":"https:\/\/api.w.org\/{rel}","templated":true}]}}